{"id":4576,"date":"2024-12-12T15:07:36","date_gmt":"2024-12-12T23:07:36","guid":{"rendered":"https:\/\/elsembradorministries.com\/esne\/mobile\/?page_id=4576"},"modified":"2025-01-21T15:29:30","modified_gmt":"2025-01-21T23:29:30","slug":"donaciones","status":"publish","type":"page","link":"https:\/\/elsembradorministries.com\/esne\/mobile\/donaciones\/","title":{"rendered":"Donaciones"},"content":{"rendered":"\t\t<div data-elementor-type=\"wp-page\" data-elementor-id=\"4576\" class=\"elementor elementor-4576\">\n\t\t\t\t\t\t<section class=\"elementor-section elementor-top-section elementor-element elementor-element-11ccc19 elementor-section-boxed elementor-section-height-default elementor-section-height-default\" data-id=\"11ccc19\" data-element_type=\"section\" data-e-type=\"section\">\n\t\t\t\t\t\t<div class=\"elementor-container elementor-column-gap-no\">\n\t\t\t\t\t<div class=\"elementor-column elementor-col-100 elementor-top-column elementor-element elementor-element-bb8254c\" data-id=\"bb8254c\" data-element_type=\"column\" data-e-type=\"column\">\n\t\t\t<div class=\"elementor-widget-wrap elementor-element-populated\">\n\t\t\t\t\t\t<div class=\"elementor-element elementor-element-367af77 elementor-widget elementor-widget-text-editor\" data-id=\"367af77\" data-element_type=\"widget\" data-e-type=\"widget\" data-widget_type=\"text-editor.default\">\n\t\t\t\t<div class=\"elementor-widget-container\">\n\t\t\t\t\t\t\t\t\t<p style=\"text-align: center;\"><img decoding=\"async\" class=\"aligncenter size-full wp-image-4695\" src=\"https:\/\/elsembradorministries.com\/esne\/mobile\/wp-content\/uploads\/sites\/2\/2024\/12\/logo.png\" alt=\"ESNE - Donaciones\" width=\"340\" height=\"124\" srcset=\"https:\/\/elsembradorministries.com\/esne\/mobile\/wp-content\/uploads\/sites\/2\/2024\/12\/logo.png 340w, https:\/\/elsembradorministries.com\/esne\/mobile\/wp-content\/uploads\/sites\/2\/2024\/12\/logo-300x109.png 300w\" sizes=\"(max-width: 340px) 100vw, 340px\" \/>DONA HOY CON TU TARJETA O<br \/>SELECCIONA TU UBICACI\u00d3N PARA VER<br \/>LAS DIFERENTES FORMAS DE DONAR<\/p>\t\t\t\t\t\t\t\t<\/div>\n\t\t\t\t<\/div>\n\t\t\t\t\t<\/div>\n\t\t<\/div>\n\t\t\t\t\t<\/div>\n\t\t<\/section>\n\t\t\t\t<section class=\"elementor-section elementor-top-section elementor-element elementor-element-1888301 elementor-section-boxed elementor-section-height-default elementor-section-height-default\" data-id=\"1888301\" data-element_type=\"section\" data-e-type=\"section\">\n\t\t\t\t\t\t<div class=\"elementor-container elementor-column-gap-no\">\n\t\t\t\t\t<div class=\"elementor-column elementor-col-100 elementor-top-column elementor-element elementor-element-7650021\" data-id=\"7650021\" data-element_type=\"column\" data-e-type=\"column\">\n\t\t\t<div class=\"elementor-widget-wrap elementor-element-populated\">\n\t\t\t\t\t\t<div class=\"elementor-element elementor-element-d68a70f elementor-widget elementor-widget-accordion\" data-id=\"d68a70f\" data-element_type=\"widget\" data-e-type=\"widget\" data-widget_type=\"accordion.default\">\n\t\t\t\t<div class=\"elementor-widget-container\">\n\t\t\t\t\t\t\t<div class=\"elementor-accordion\">\n\t\t\t\t\t\t\t<div class=\"elementor-accordion-item\">\n\t\t\t\t\t<div id=\"elementor-tab-title-2241\" class=\"elementor-tab-title\" data-tab=\"1\" role=\"button\" aria-controls=\"elementor-tab-content-2241\" aria-expanded=\"false\">\n\t\t\t\t\t\t\t\t\t\t\t\t\t<span class=\"elementor-accordion-icon elementor-accordion-icon-left\" aria-hidden=\"true\">\n\t\t\t\t\t\t\t\t\t\t\t\t\t\t\t<span class=\"elementor-accordion-icon-closed\"><i class=\"fas fa-chevron-down\"><\/i><\/span>\n\t\t\t\t\t\t\t\t<span class=\"elementor-accordion-icon-opened\"><i class=\"fas fa-chevron-right\"><\/i><\/span>\n\t\t\t\t\t\t\t\t\t\t\t\t\t\t<\/span>\n\t\t\t\t\t\t\t\t\t\t\t\t<a class=\"elementor-accordion-title\" tabindex=\"0\">Tarjeta - Cr\u00e9dito o D\u00e9bito<\/a>\n\t\t\t\t\t<\/div>\n\t\t\t\t\t<div id=\"elementor-tab-content-2241\" class=\"elementor-tab-content elementor-clearfix\" data-tab=\"1\" role=\"region\" aria-labelledby=\"elementor-tab-title-2241\"><p><script src=\"https:\/\/sky.blackbaudcdn.net\/static\/og-web-loader\/1\/main.js\" data-envid=\"p-lX-A_QtxwEqaLlb6_A-uQg\" data-zone=\"usa\"><\/script><\/p>\n<p>&nbsp;<\/p>\n<p style=\"text-align: center;\"><strong><span style=\"font-size: 18pt;\">SELECCIONA TU TARJETA<\/span><\/strong><\/p>\n<p style=\"text-align: center;\"><a href=\"?bbFormId=c43f7b59-88fd-49c6-babb-5c083c075870\"><img decoding=\"async\" class=\"aligncenter size-full wp-image-4896\" src=\"https:\/\/elsembradorministries.com\/esne\/mobile\/wp-content\/uploads\/sites\/2\/2025\/01\/cards-logos.png\" alt=\"\u00a1Presiona aqu\u00ed y haz tu donaci\u00f3n hoy!\" width=\"261\" height=\"32\" \/><\/a><br \/>\nDONACI\u00d3N EN <b>D\u00d3LARES <\/b><\/p>\n<p>&nbsp;<\/p>\n\n<!--\n\n<p>&nbsp;<\/p>\n<div style=\"text-align: center;\">\n<style><span data-mce-type=\"bookmark\" style=\"display: inline-block; width: 0px; overflow: hidden; line-height: 0;\" class=\"mce_SELRES_start\">\ufeff<\/span><br \/>\n    .dona {<br \/>\n  border: 0px solid;<br \/>\n  margin: auto;<br \/>\n  width: 100%;<br \/>\n  padding: 00px;<br \/>\n}<br \/>\n<\/style>\n<div id=\"blackbaud-donation-form_87dc31e2-bcdf-4008-8b5a-7448b0fb60c3\" class=\"dona\">\u00a0<\/div>\n<p><script src=\"https:\/\/sky.blackbaudcdn.net\/static\/donor-form-loader\/2\/main.js\"><\/script><br \/>\n<script>BBDonorFormLoader.newBlackbaudDonationFormZoned('tcs', 'p-lX-A_QtxwEqaLlb6_A-uQg', '87dc31e2-bcdf-4008-8b5a-7448b0fb60c3', 'usa')<\/script><\/p>\n<\/div>\n<p>&nbsp;<\/p>\n\n\n--><\/div>\n\t\t\t\t<\/div>\n\t\t\t\t\t\t\t<div class=\"elementor-accordion-item\">\n\t\t\t\t\t<div id=\"elementor-tab-title-2242\" class=\"elementor-tab-title\" data-tab=\"2\" role=\"button\" aria-controls=\"elementor-tab-content-2242\" aria-expanded=\"false\">\n\t\t\t\t\t\t\t\t\t\t\t\t\t<span class=\"elementor-accordion-icon elementor-accordion-icon-left\" aria-hidden=\"true\">\n\t\t\t\t\t\t\t\t\t\t\t\t\t\t\t<span class=\"elementor-accordion-icon-closed\"><i class=\"fas fa-chevron-down\"><\/i><\/span>\n\t\t\t\t\t\t\t\t<span class=\"elementor-accordion-icon-opened\"><i class=\"fas fa-chevron-right\"><\/i><\/span>\n\t\t\t\t\t\t\t\t\t\t\t\t\t\t<\/span>\n\t\t\t\t\t\t\t\t\t\t\t\t<a class=\"elementor-accordion-title\" tabindex=\"0\">M\u00e9xico<\/a>\n\t\t\t\t\t<\/div>\n\t\t\t\t\t<div id=\"elementor-tab-content-2242\" class=\"elementor-tab-content elementor-clearfix\" data-tab=\"2\" role=\"region\" aria-labelledby=\"elementor-tab-title-2242\"><p style=\"text-align: center;\"><b>Realiza tu donaci\u00f3n en OXXO<\/b><\/p>\n<p style=\"text-align: left;\">P\u00eddele a un cajero que escanee el siguiente c\u00f3digo de barras e ind\u00edcale la cantidad que deseas donar:<\/p>\n<p><img fetchpriority=\"high\" decoding=\"async\" class=\"wp-image-4591 size-full aligncenter\" src=\"https:\/\/elsembradorministries.com\/esne\/mobile\/wp-content\/uploads\/sites\/2\/2024\/12\/oxxo-movil.png\" alt=\"Donaciones en OXXO\" width=\"300\" height=\"287\" \/><\/p>\n<p>\u00a0<\/p>\n<p>\u00a0<\/p><\/div>\n\t\t\t\t<\/div>\n\t\t\t\t\t\t\t<div class=\"elementor-accordion-item\">\n\t\t\t\t\t<div id=\"elementor-tab-title-2243\" class=\"elementor-tab-title\" data-tab=\"3\" role=\"button\" aria-controls=\"elementor-tab-content-2243\" aria-expanded=\"false\">\n\t\t\t\t\t\t\t\t\t\t\t\t\t<span class=\"elementor-accordion-icon elementor-accordion-icon-left\" aria-hidden=\"true\">\n\t\t\t\t\t\t\t\t\t\t\t\t\t\t\t<span class=\"elementor-accordion-icon-closed\"><i class=\"fas fa-chevron-down\"><\/i><\/span>\n\t\t\t\t\t\t\t\t<span class=\"elementor-accordion-icon-opened\"><i class=\"fas fa-chevron-right\"><\/i><\/span>\n\t\t\t\t\t\t\t\t\t\t\t\t\t\t<\/span>\n\t\t\t\t\t\t\t\t\t\t\t\t<a class=\"elementor-accordion-title\" tabindex=\"0\">Desde otro Pa\u00eds<\/a>\n\t\t\t\t\t<\/div>\n\t\t\t\t\t<div id=\"elementor-tab-content-2243\" class=\"elementor-tab-content elementor-clearfix\" data-tab=\"3\" role=\"region\" aria-labelledby=\"elementor-tab-title-2243\"><p style=\"text-align: center;\">Haz tu donaci\u00f3n desde cualquier pa\u00eds con<img loading=\"lazy\" decoding=\"async\" class=\"size-full wp-image-4598 aligncenter\" src=\"https:\/\/elsembradorministries.com\/esne\/mobile\/wp-content\/uploads\/sites\/2\/2024\/12\/paypal-logo.png\" alt=\"\" width=\"85\" height=\"22\" \/>presiona en el siguiente bot\u00f3n:<\/p>\n<p>\u00a0<\/p>\n<div style=\"text-align: center;\"><form action=\"https:\/\/www.paypal.com\/donate\" method=\"post\" target=\"_top\">\n<p><input name=\"hosted_button_id\" type=\"hidden\" value=\"KKFE28WH3EU5Q\" \/> <input title=\"PayPal - The safer, easier way to pay online!\" alt=\"Donate with PayPal button\" name=\"submit\" src=\"https:\/\/www.paypalobjects.com\/es_XC\/i\/btn\/btn_donateCC_LG.gif\" type=\"image\" \/> <!-- <input type=\"image\" src=\"https:\/\/www.paypalobjects.com\/en_US\/i\/btn\/btn_donate_LG.gif\" border=\"0\" name=\"submit\" title=\"PayPal - The safer, easier way to pay online!\" alt=\"Donate with PayPal button\" \/> --> <img loading=\"lazy\" decoding=\"async\" class=\"alignright\" src=\"https:\/\/www.paypal.com\/en_US\/i\/scr\/pixel.gif\" alt=\"\" width=\"1\" height=\"1\" border=\"0\" \/><\/p>\n<p>\u00a0<\/p>\n<p>\u00a0<\/p>\n<\/form><\/div><\/div>\n\t\t\t\t<\/div>\n\t\t\t\t\t\t\t<div class=\"elementor-accordion-item\">\n\t\t\t\t\t<div id=\"elementor-tab-title-2244\" class=\"elementor-tab-title\" data-tab=\"4\" role=\"button\" aria-controls=\"elementor-tab-content-2244\" aria-expanded=\"false\">\n\t\t\t\t\t\t\t\t\t\t\t\t\t<span class=\"elementor-accordion-icon elementor-accordion-icon-left\" aria-hidden=\"true\">\n\t\t\t\t\t\t\t\t\t\t\t\t\t\t\t<span class=\"elementor-accordion-icon-closed\"><i class=\"fas fa-chevron-down\"><\/i><\/span>\n\t\t\t\t\t\t\t\t<span class=\"elementor-accordion-icon-opened\"><i class=\"fas fa-chevron-right\"><\/i><\/span>\n\t\t\t\t\t\t\t\t\t\t\t\t\t\t<\/span>\n\t\t\t\t\t\t\t\t\t\t\t\t<a class=\"elementor-accordion-title\" tabindex=\"0\">Dep\u00f3sito Bancario<\/a>\n\t\t\t\t\t<\/div>\n\t\t\t\t\t<div id=\"elementor-tab-content-2244\" class=\"elementor-tab-content elementor-clearfix\" data-tab=\"4\" role=\"region\" aria-labelledby=\"elementor-tab-title-2244\"><p class=\"country-name\"><b>Estados Unidos<\/b><\/p>\n<p><b>Cuenta a nombre de:<\/b><br \/>EL SEMBRADOR MINISTRIES<br \/><b>BANK OF AMERICA<\/b><br \/>0000226-69174<\/p>\n<p>\u00a0<\/p>\n<p><b>Cuenta a nombre de:<\/b><br \/>EL SEMBRADOR MINISTRIES<br \/><b>WELLS FARGO<\/b><br \/>109 347 1058<\/p>\n<p>\u00a0<\/p>\n<p><b>Cuenta a nombre de:<\/b><br \/>EL SEMBRADOR MINISTRIES<br \/><b>CHASE<\/b><br \/>579 288 553<br \/>_______________________<\/p>\n<p>\u00a0<\/p>\n<p class=\"country-name\"><b>M\u00c9XICO<\/b><\/p>\n<p><b>Cuentas a nombre de:<\/b><br \/>EL SEMBRADOR DE M\u00c9XICO A.C.<\/p>\n<p><b>BANCOMER<\/b><br \/>0182 5809 34<br \/><b>Clabe Interbancaria:<\/b><br \/>012028001825809345<br \/><br \/><b>BANAMEX<\/b><br \/>7004 4598 912<br \/><b>Clabe Interbancaria:<\/b><br \/>002028700445989121<br \/><br \/><\/p>\n<p><b>Cuenta a nombre de:<\/b><br \/>EL SEMBRADOR MEDIA GDL A.C.<\/p>\n<p><b>BANAMEX<\/b><br \/>7006 465 4495<br \/><b>Clabe Interbancaria:<\/b><br \/>002320700646544953<br \/>_________________________<br \/><br \/><\/p>\n<p class=\"country-name\"><b>INTERNACIONAL<\/b><\/p>\n<p><b>Cuenta a nombre de:<\/b><br \/>EL SEMBRADOR DE M\u00c9XICO A.C.<\/p>\n<p><b>BANAMEX<\/b><br \/>7004 4598 912<br \/><b>Clabe Internacional:<\/b><br \/>002028700445989121<br \/><b>SWIFT<\/b>\u00a0BNMXMXMMXXX<\/p>\n<p>\u00a0<\/p>\n<p>\u00a0<\/p><\/div>\n\t\t\t\t<\/div>\n\t\t\t\t\t\t\t\t<\/div>\n\t\t\t\t\t\t<\/div>\n\t\t\t\t<\/div>\n\t\t\t\t\t<\/div>\n\t\t<\/div>\n\t\t\t\t\t<\/div>\n\t\t<\/section>\n\t\t\t\t<section class=\"elementor-section elementor-top-section elementor-element elementor-element-60aca6e elementor-section-boxed elementor-section-height-default elementor-section-height-default\" data-id=\"60aca6e\" data-element_type=\"section\" data-e-type=\"section\">\n\t\t\t\t\t\t<div class=\"elementor-container elementor-column-gap-default\">\n\t\t\t\t\t<div class=\"elementor-column elementor-col-100 elementor-top-column elementor-element elementor-element-ed3757b\" data-id=\"ed3757b\" data-element_type=\"column\" data-e-type=\"column\">\n\t\t\t<div class=\"elementor-widget-wrap elementor-element-populated\">\n\t\t\t\t\t\t<div class=\"elementor-element elementor-element-387d353 elementor-widget elementor-widget-text-editor\" data-id=\"387d353\" data-element_type=\"widget\" data-e-type=\"widget\" data-widget_type=\"text-editor.default\">\n\t\t\t\t<div class=\"elementor-widget-container\">\n\t\t\t\t\t\t\t\t\t<p style=\"text-align: center;\">\u00a0<\/p>\n<div style=\"text-align: center;\"><span class=\"fs13\">LL\u00c1MANOS Y REALIZA TU<\/span><\/div>\n<div style=\"text-align: center;\"><span class=\"fs13\">DONACI\u00d3N\u00a0<\/span><span class=\"fs13\">POR TEL\u00c9FONO<\/span><\/div>\n<div>\u00a0<\/div>\n<div><a href=\"tel:7737777773\"><img loading=\"lazy\" decoding=\"async\" class=\"aligncenter wp-image-4711 size-full\" src=\"https:\/\/elsembradorministries.com\/esne\/mobile\/wp-content\/uploads\/sites\/2\/2024\/12\/telefono-en-donaciones-mobiles-v2-usa.png\" alt=\"Llama para donar\" width=\"350\" height=\"130\" srcset=\"https:\/\/elsembradorministries.com\/esne\/mobile\/wp-content\/uploads\/sites\/2\/2024\/12\/telefono-en-donaciones-mobiles-v2-usa.png 350w, https:\/\/elsembradorministries.com\/esne\/mobile\/wp-content\/uploads\/sites\/2\/2024\/12\/telefono-en-donaciones-mobiles-v2-usa-300x111.png 300w\" sizes=\"(max-width: 350px) 100vw, 350px\" \/><\/a><\/div>\n<div>\u00a0<\/div>\n<div><a href=\"tel:3347376323\"><img loading=\"lazy\" decoding=\"async\" class=\"aligncenter size-full wp-image-4712\" src=\"https:\/\/elsembradorministries.com\/esne\/mobile\/wp-content\/uploads\/sites\/2\/2024\/12\/telefono-en-donaciones-mobiles-v2-mex.png\" alt=\"Llama para donar\" width=\"350\" height=\"130\" srcset=\"https:\/\/elsembradorministries.com\/esne\/mobile\/wp-content\/uploads\/sites\/2\/2024\/12\/telefono-en-donaciones-mobiles-v2-mex.png 350w, https:\/\/elsembradorministries.com\/esne\/mobile\/wp-content\/uploads\/sites\/2\/2024\/12\/telefono-en-donaciones-mobiles-v2-mex-300x111.png 300w\" sizes=\"(max-width: 350px) 100vw, 350px\" \/><\/a><\/div>\n<div>\u00a0<\/div>\t\t\t\t\t\t\t\t<\/div>\n\t\t\t\t<\/div>\n\t\t\t\t\t<\/div>\n\t\t<\/div>\n\t\t\t\t\t<\/div>\n\t\t<\/section>\n\t\t\t\t<section class=\"elementor-section elementor-top-section elementor-element elementor-element-da95f40 elementor-section-boxed elementor-section-height-default elementor-section-height-default\" data-id=\"da95f40\" data-element_type=\"section\" data-e-type=\"section\">\n\t\t\t\t\t\t<div class=\"elementor-container elementor-column-gap-default\">\n\t\t\t\t\t<div class=\"elementor-column elementor-col-100 elementor-top-column elementor-element elementor-element-7890761\" data-id=\"7890761\" data-element_type=\"column\" data-e-type=\"column\">\n\t\t\t<div class=\"elementor-widget-wrap elementor-element-populated\">\n\t\t\t\t\t\t<div class=\"elementor-element elementor-element-b633a74 elementor-widget elementor-widget-html\" data-id=\"b633a74\" data-element_type=\"widget\" data-e-type=\"widget\" data-widget_type=\"html.default\">\n\t\t\t\t<div class=\"elementor-widget-container\">\n\t\t\t\t\t\r\n<!-- Styling for international -->\r\n\r\n<style>\r\n.country-name {\r\ncolor: #ffffff;\r\nbackground-color: #f4b822;\r\npadding: 15px 5px 15px 15px;\r\nfont-size: 24px;\r\n}\r\n<\/style>\t\t\t\t<\/div>\n\t\t\t\t<\/div>\n\t\t\t\t\t<\/div>\n\t\t<\/div>\n\t\t\t\t\t<\/div>\n\t\t<\/section>\n\t\t\t\t<\/div>\n\t\t","protected":false},"excerpt":{"rendered":"<p>DONA HOY CON TU TARJETA OSELECCIONA TU UBICACI\u00d3N PARA VERLAS DIFERENTES FORMAS DE DONAR Tarjeta &#8211; Cr\u00e9dito o D\u00e9bito &nbsp; SELECCIONA TU TARJETA DONACI\u00d3N EN D\u00d3LARES &nbsp; M\u00e9xico Realiza tu donaci\u00f3n en OXXO P\u00eddele a un cajero que escanee el siguiente c\u00f3digo de barras e ind\u00edcale la cantidad que deseas donar: \u00a0 \u00a0 Desde otro [&hellip;]<\/p>\n","protected":false},"author":1,"featured_media":0,"parent":0,"menu_order":0,"comment_status":"closed","ping_status":"closed","template":"elementor_canvas","meta":{"_acf_changed":false,"ocean_post_layout":"","ocean_both_sidebars_style":"","ocean_both_sidebars_content_width":0,"ocean_both_sidebars_sidebars_width":0,"ocean_sidebar":"0","ocean_second_sidebar":"0","ocean_disable_margins":"enable","ocean_add_body_class":"","ocean_shortcode_before_top_bar":"","ocean_shortcode_after_top_bar":"","ocean_shortcode_before_header":"","ocean_shortcode_after_header":"","ocean_has_shortcode":"","ocean_shortcode_after_title":"","ocean_shortcode_before_footer_widgets":"","ocean_shortcode_after_footer_widgets":"","ocean_shortcode_before_footer_bottom":"","ocean_shortcode_after_footer_bottom":"","ocean_display_top_bar":"default","ocean_display_header":"default","ocean_header_style":"","ocean_center_header_left_menu":"0","ocean_custom_header_template":"0","ocean_custom_logo":0,"ocean_custom_retina_logo":0,"ocean_custom_logo_max_width":0,"ocean_custom_logo_tablet_max_width":0,"ocean_custom_logo_mobile_max_width":0,"ocean_custom_logo_max_height":0,"ocean_custom_logo_tablet_max_height":0,"ocean_custom_logo_mobile_max_height":0,"ocean_header_custom_menu":"0","ocean_menu_typo_font_family":"0","ocean_menu_typo_font_subset":"","ocean_menu_typo_font_size":0,"ocean_menu_typo_font_size_tablet":0,"ocean_menu_typo_font_size_mobile":0,"ocean_menu_typo_font_size_unit":"px","ocean_menu_typo_font_weight":"","ocean_menu_typo_font_weight_tablet":"","ocean_menu_typo_font_weight_mobile":"","ocean_menu_typo_transform":"","ocean_menu_typo_transform_tablet":"","ocean_menu_typo_transform_mobile":"","ocean_menu_typo_line_height":0,"ocean_menu_typo_line_height_tablet":0,"ocean_menu_typo_line_height_mobile":0,"ocean_menu_typo_line_height_unit":"","ocean_menu_typo_spacing":0,"ocean_menu_typo_spacing_tablet":0,"ocean_menu_typo_spacing_mobile":0,"ocean_menu_typo_spacing_unit":"","ocean_menu_link_color":"","ocean_menu_link_color_hover":"","ocean_menu_link_color_active":"","ocean_menu_link_background":"","ocean_menu_link_hover_background":"","ocean_menu_link_active_background":"","ocean_menu_social_links_bg":"","ocean_menu_social_hover_links_bg":"","ocean_menu_social_links_color":"","ocean_menu_social_hover_links_color":"","ocean_disable_title":"default","ocean_disable_heading":"default","ocean_post_title":"","ocean_post_subheading":"","ocean_post_title_style":"","ocean_post_title_background_color":"","ocean_post_title_background":0,"ocean_post_title_bg_image_position":"","ocean_post_title_bg_image_attachment":"","ocean_post_title_bg_image_repeat":"","ocean_post_title_bg_image_size":"","ocean_post_title_height":0,"ocean_post_title_bg_overlay":0.5,"ocean_post_title_bg_overlay_color":"","ocean_disable_breadcrumbs":"default","ocean_breadcrumbs_color":"","ocean_breadcrumbs_separator_color":"","ocean_breadcrumbs_links_color":"","ocean_breadcrumbs_links_hover_color":"","ocean_display_footer_widgets":"default","ocean_display_footer_bottom":"default","ocean_custom_footer_template":"0","footnotes":""},"class_list":["post-4576","page","type-page","status-publish","hentry","entry"],"acf":[],"publishpress_future_action":{"enabled":false,"date":"2026-04-21 18:32:03","action":"change-status","newStatus":"draft","terms":[],"taxonomy":"","extraData":[]},"publishpress_future_workflow_manual_trigger":{"enabledWorkflows":[]},"_links":{"self":[{"href":"https:\/\/elsembradorministries.com\/esne\/mobile\/wp-json\/wp\/v2\/pages\/4576","targetHints":{"allow":["GET"]}}],"collection":[{"href":"https:\/\/elsembradorministries.com\/esne\/mobile\/wp-json\/wp\/v2\/pages"}],"about":[{"href":"https:\/\/elsembradorministries.com\/esne\/mobile\/wp-json\/wp\/v2\/types\/page"}],"author":[{"embeddable":true,"href":"https:\/\/elsembradorministries.com\/esne\/mobile\/wp-json\/wp\/v2\/users\/1"}],"replies":[{"embeddable":true,"href":"https:\/\/elsembradorministries.com\/esne\/mobile\/wp-json\/wp\/v2\/comments?post=4576"}],"version-history":[{"count":7,"href":"https:\/\/elsembradorministries.com\/esne\/mobile\/wp-json\/wp\/v2\/pages\/4576\/revisions"}],"predecessor-version":[{"id":5802,"href":"https:\/\/elsembradorministries.com\/esne\/mobile\/wp-json\/wp\/v2\/pages\/4576\/revisions\/5802"}],"wp:attachment":[{"href":"https:\/\/elsembradorministries.com\/esne\/mobile\/wp-json\/wp\/v2\/media?parent=4576"}],"curies":[{"name":"wp","href":"https:\/\/api.w.org\/{rel}","templated":true}]}}