{"id":210,"date":"2020-12-08T20:39:04","date_gmt":"2020-12-08T20:39:04","guid":{"rendered":"https:\/\/elsembradorministries.com\/esne\/noel-diaz\/?page_id=210"},"modified":"2024-03-21T20:42:38","modified_gmt":"2024-03-21T20:42:38","slug":"main","status":"publish","type":"page","link":"https:\/\/elsembradorministries.com\/esne\/noel-diaz\/","title":{"rendered":"Main"},"content":{"rendered":"\t\t<div data-elementor-type=\"wp-page\" data-elementor-id=\"210\" class=\"elementor elementor-210\">\n\t\t\t\t\t\t<section class=\"has_eae_slider elementor-section elementor-top-section elementor-element elementor-element-f0c135b elementor-section-full_width elementor-section-stretched elementor-section-height-default elementor-section-height-default\" data-eae-slider=\"74451\" data-id=\"f0c135b\" data-element_type=\"section\" data-e-type=\"section\" data-settings=\"{&quot;stretch_section&quot;:&quot;section-stretched&quot;}\">\n\t\t\t\t\t\t<div class=\"elementor-container elementor-column-gap-no\">\n\t\t\t\t\t<div class=\"has_eae_slider elementor-column elementor-col-100 elementor-top-column elementor-element elementor-element-31885db\" data-eae-slider=\"58364\" data-id=\"31885db\" data-element_type=\"column\" data-e-type=\"column\">\n\t\t\t<div class=\"elementor-widget-wrap elementor-element-populated\">\n\t\t\t\t\t\t<div class=\"elementor-element elementor-element-d72468e elementor-widget elementor-widget-image\" data-id=\"d72468e\" data-element_type=\"widget\" data-e-type=\"widget\" data-widget_type=\"image.default\">\n\t\t\t\t<div class=\"elementor-widget-container\">\n\t\t\t\t\t\t\t\t\t\t\t\t\t\t\t<img fetchpriority=\"high\" decoding=\"async\" width=\"2048\" height=\"1114\" src=\"https:\/\/elsembradorministries.com\/esne\/noel-diaz\/wp-content\/uploads\/sites\/18\/2020\/12\/noel_header-3.jpg\" class=\"attachment-full size-full wp-image-212\" alt=\"\" srcset=\"https:\/\/elsembradorministries.com\/esne\/noel-diaz\/wp-content\/uploads\/sites\/18\/2020\/12\/noel_header-3.jpg 2048w, https:\/\/elsembradorministries.com\/esne\/noel-diaz\/wp-content\/uploads\/sites\/18\/2020\/12\/noel_header-3-300x163.jpg 300w, https:\/\/elsembradorministries.com\/esne\/noel-diaz\/wp-content\/uploads\/sites\/18\/2020\/12\/noel_header-3-1024x557.jpg 1024w, https:\/\/elsembradorministries.com\/esne\/noel-diaz\/wp-content\/uploads\/sites\/18\/2020\/12\/noel_header-3-768x418.jpg 768w, https:\/\/elsembradorministries.com\/esne\/noel-diaz\/wp-content\/uploads\/sites\/18\/2020\/12\/noel_header-3-1536x836.jpg 1536w\" sizes=\"(max-width: 2048px) 100vw, 2048px\" \/>\t\t\t\t\t\t\t\t\t\t\t\t\t\t\t<\/div>\n\t\t\t\t<\/div>\n\t\t\t\t\t<\/div>\n\t\t<\/div>\n\t\t\t\t\t<\/div>\n\t\t<\/section>\n\t\t\t\t<section class=\"has_eae_slider elementor-section elementor-top-section elementor-element elementor-element-ddc76c1 elementor-section-full_width elementor-section-stretched elementor-section-height-default elementor-section-height-default\" data-eae-slider=\"69198\" data-id=\"ddc76c1\" data-element_type=\"section\" data-e-type=\"section\" data-settings=\"{&quot;stretch_section&quot;:&quot;section-stretched&quot;}\">\n\t\t\t\t\t\t<div class=\"elementor-container elementor-column-gap-default\">\n\t\t\t\t\t<div class=\"has_eae_slider elementor-column elementor-col-100 elementor-top-column elementor-element elementor-element-3270fde\" data-eae-slider=\"98256\" data-id=\"3270fde\" data-element_type=\"column\" data-e-type=\"column\">\n\t\t\t<div class=\"elementor-widget-wrap elementor-element-populated\">\n\t\t\t\t\t\t<div class=\"elementor-element elementor-element-0b0ed8b elementor-grid-eael-col-3 elementor-grid-tablet-eael-col-2 elementor-grid-mobile-eael-col-1 elementor-widget elementor-widget-eael-post-grid\" data-id=\"0b0ed8b\" data-element_type=\"widget\" data-e-type=\"widget\" data-settings=\"{&quot;eael_post_grid_columns&quot;:&quot;eael-col-3&quot;,&quot;eael_post_grid_columns_tablet&quot;:&quot;eael-col-2&quot;,&quot;eael_post_grid_columns_mobile&quot;:&quot;eael-col-1&quot;}\" data-widget_type=\"eael-post-grid.default\">\n\t\t\t\t<div class=\"elementor-widget-container\">\n\t\t\t\t\t<div id=\"eael-post-grid-0b0ed8b\" class=\"eael-post-grid-container\">\n            <div class=\"eael-post-grid eael-post-appender eael-post-appender-0b0ed8b eael-post-grid-style-one\" data-layout-mode=\"grid\"><article class=\"eael-grid-post  eael-post-grid-column eael-pg-post-160 category-uncategorized\" data-id=\"160\">\n        <div class=\"eael-grid-post-holder\">\n            <div class=\"eael-grid-post-holder-inner\"><div class=\"eael-entry-media\"><div class=\"eael-entry-overlay slide-up\"><i class=\"\" aria-hidden=\"true\"><\/i><a href=\"https:\/\/elsembradorministries.com\/esne\/noel-diaz\/la-bendicion-que-confirma-la-mision-papa-san-juan-pablo-ii\/\"><\/a><\/div><div class=\"eael-entry-thumbnail \">\n                <img decoding=\"async\" width=\"1920\" height=\"960\" src=\"https:\/\/elsembradorministries.com\/esne\/noel-diaz\/wp-content\/uploads\/sites\/18\/2020\/11\/noel-juanpablo-bendicion-a2.jpg\" class=\"attachment-full size-full wp-image-170\" alt=\"\" srcset=\"https:\/\/elsembradorministries.com\/esne\/noel-diaz\/wp-content\/uploads\/sites\/18\/2020\/11\/noel-juanpablo-bendicion-a2.jpg 1920w, https:\/\/elsembradorministries.com\/esne\/noel-diaz\/wp-content\/uploads\/sites\/18\/2020\/11\/noel-juanpablo-bendicion-a2-300x150.jpg 300w, https:\/\/elsembradorministries.com\/esne\/noel-diaz\/wp-content\/uploads\/sites\/18\/2020\/11\/noel-juanpablo-bendicion-a2-1024x512.jpg 1024w, https:\/\/elsembradorministries.com\/esne\/noel-diaz\/wp-content\/uploads\/sites\/18\/2020\/11\/noel-juanpablo-bendicion-a2-768x384.jpg 768w, https:\/\/elsembradorministries.com\/esne\/noel-diaz\/wp-content\/uploads\/sites\/18\/2020\/11\/noel-juanpablo-bendicion-a2-1536x768.jpg 1536w\" sizes=\"(max-width: 1920px) 100vw, 1920px\" \/>\n            <\/div>\n        <\/div><div class=\"eael-entry-wrapper\"><header class=\"eael-entry-header\"><h2 class=\"eael-entry-title\"><a class=\"eael-grid-post-link\" href=\"https:\/\/elsembradorministries.com\/esne\/noel-diaz\/la-bendicion-que-confirma-la-mision-papa-san-juan-pablo-ii\/\" title=\"La Bendici\u00f3n que confirma la Misi\u00f3n &#8211; Papa San Juan Pablo II\">La Bendici\u00f3n que confirma la Misi\u00f3n &#8211; Papa San Juan Pablo II<\/a><\/h2><\/header><\/div><\/div>\n        <\/div>\n    <\/article><article class=\"eael-grid-post  eael-post-grid-column eael-pg-post-149 category-uncategorized\" data-id=\"149\">\n        <div class=\"eael-grid-post-holder\">\n            <div class=\"eael-grid-post-holder-inner\"><div class=\"eael-entry-media\"><div class=\"eael-entry-overlay slide-up\"><i class=\"\" aria-hidden=\"true\"><\/i><a href=\"https:\/\/elsembradorministries.com\/esne\/noel-diaz\/mision-en-la-basilica-de-guadalupe\/\"><\/a><\/div><div class=\"eael-entry-thumbnail \">\n                <img decoding=\"async\" width=\"1920\" height=\"960\" src=\"https:\/\/elsembradorministries.com\/esne\/noel-diaz\/wp-content\/uploads\/sites\/18\/2020\/11\/noel-basilica-a-4-feat.jpg\" class=\"attachment-full size-full wp-image-224\" alt=\"\" srcset=\"https:\/\/elsembradorministries.com\/esne\/noel-diaz\/wp-content\/uploads\/sites\/18\/2020\/11\/noel-basilica-a-4-feat.jpg 1920w, https:\/\/elsembradorministries.com\/esne\/noel-diaz\/wp-content\/uploads\/sites\/18\/2020\/11\/noel-basilica-a-4-feat-300x150.jpg 300w, https:\/\/elsembradorministries.com\/esne\/noel-diaz\/wp-content\/uploads\/sites\/18\/2020\/11\/noel-basilica-a-4-feat-1024x512.jpg 1024w, https:\/\/elsembradorministries.com\/esne\/noel-diaz\/wp-content\/uploads\/sites\/18\/2020\/11\/noel-basilica-a-4-feat-768x384.jpg 768w, https:\/\/elsembradorministries.com\/esne\/noel-diaz\/wp-content\/uploads\/sites\/18\/2020\/11\/noel-basilica-a-4-feat-1536x768.jpg 1536w\" sizes=\"(max-width: 1920px) 100vw, 1920px\" \/>\n            <\/div>\n        <\/div><div class=\"eael-entry-wrapper\"><header class=\"eael-entry-header\"><h2 class=\"eael-entry-title\"><a class=\"eael-grid-post-link\" href=\"https:\/\/elsembradorministries.com\/esne\/noel-diaz\/mision-en-la-basilica-de-guadalupe\/\" title=\"Misi\u00f3n en la Bas\u00edlica de Guadalupe\">Misi\u00f3n en la Bas\u00edlica de Guadalupe<\/a><\/h2><\/header><\/div><\/div>\n        <\/div>\n    <\/article><article class=\"eael-grid-post  eael-post-grid-column eael-pg-post-173 category-uncategorized\" data-id=\"173\">\n        <div class=\"eael-grid-post-holder\">\n            <div class=\"eael-grid-post-holder-inner\"><div class=\"eael-entry-media\"><div class=\"eael-entry-overlay slide-up\"><i class=\"\" aria-hidden=\"true\"><\/i><a href=\"https:\/\/elsembradorministries.com\/esne\/noel-diaz\/condecoracion-pontificia-caballero-de-la-orden-de-san-gregorio-magno\/\"><\/a><\/div><div class=\"eael-entry-thumbnail \">\n                <img loading=\"lazy\" decoding=\"async\" width=\"1920\" height=\"960\" src=\"https:\/\/elsembradorministries.com\/esne\/noel-diaz\/wp-content\/uploads\/sites\/18\/2020\/11\/noel-caballero-de-san-gregorio-a-1.jpg\" class=\"attachment-full size-full wp-image-178\" alt=\"\" srcset=\"https:\/\/elsembradorministries.com\/esne\/noel-diaz\/wp-content\/uploads\/sites\/18\/2020\/11\/noel-caballero-de-san-gregorio-a-1.jpg 1920w, https:\/\/elsembradorministries.com\/esne\/noel-diaz\/wp-content\/uploads\/sites\/18\/2020\/11\/noel-caballero-de-san-gregorio-a-1-300x150.jpg 300w, https:\/\/elsembradorministries.com\/esne\/noel-diaz\/wp-content\/uploads\/sites\/18\/2020\/11\/noel-caballero-de-san-gregorio-a-1-1024x512.jpg 1024w, https:\/\/elsembradorministries.com\/esne\/noel-diaz\/wp-content\/uploads\/sites\/18\/2020\/11\/noel-caballero-de-san-gregorio-a-1-768x384.jpg 768w, https:\/\/elsembradorministries.com\/esne\/noel-diaz\/wp-content\/uploads\/sites\/18\/2020\/11\/noel-caballero-de-san-gregorio-a-1-1536x768.jpg 1536w\" sizes=\"(max-width: 1920px) 100vw, 1920px\" \/>\n            <\/div>\n        <\/div><div class=\"eael-entry-wrapper\"><header class=\"eael-entry-header\"><h2 class=\"eael-entry-title\"><a class=\"eael-grid-post-link\" href=\"https:\/\/elsembradorministries.com\/esne\/noel-diaz\/condecoracion-pontificia-caballero-de-la-orden-de-san-gregorio-magno\/\" title=\"Condecoraci\u00f3n Pontificia: Caballero de la Orden de San Gregorio Magno\">Condecoraci\u00f3n Pontificia: Caballero de la Orden de San Gregorio Magno<\/a><\/h2><\/header><\/div><\/div>\n        <\/div>\n    <\/article><article class=\"eael-grid-post  eael-post-grid-column eael-pg-post-181 category-uncategorized\" data-id=\"181\">\n        <div class=\"eael-grid-post-holder\">\n            <div class=\"eael-grid-post-holder-inner\"><div class=\"eael-entry-media\"><div class=\"eael-entry-overlay slide-up\"><i class=\"\" aria-hidden=\"true\"><\/i><a href=\"https:\/\/elsembradorministries.com\/esne\/noel-diaz\/condecoracion-pontificia-pro-ecclesia-et-pontifice\/\"><\/a><\/div><div class=\"eael-entry-thumbnail \">\n                <img loading=\"lazy\" decoding=\"async\" width=\"1920\" height=\"960\" src=\"https:\/\/elsembradorministries.com\/esne\/noel-diaz\/wp-content\/uploads\/sites\/18\/2020\/12\/noel-pro-ecclesia-et-pontifice.jpg\" class=\"attachment-full size-full wp-image-183\" alt=\"\" srcset=\"https:\/\/elsembradorministries.com\/esne\/noel-diaz\/wp-content\/uploads\/sites\/18\/2020\/12\/noel-pro-ecclesia-et-pontifice.jpg 1920w, https:\/\/elsembradorministries.com\/esne\/noel-diaz\/wp-content\/uploads\/sites\/18\/2020\/12\/noel-pro-ecclesia-et-pontifice-300x150.jpg 300w, https:\/\/elsembradorministries.com\/esne\/noel-diaz\/wp-content\/uploads\/sites\/18\/2020\/12\/noel-pro-ecclesia-et-pontifice-1024x512.jpg 1024w, https:\/\/elsembradorministries.com\/esne\/noel-diaz\/wp-content\/uploads\/sites\/18\/2020\/12\/noel-pro-ecclesia-et-pontifice-768x384.jpg 768w, https:\/\/elsembradorministries.com\/esne\/noel-diaz\/wp-content\/uploads\/sites\/18\/2020\/12\/noel-pro-ecclesia-et-pontifice-1536x768.jpg 1536w\" sizes=\"(max-width: 1920px) 100vw, 1920px\" \/>\n            <\/div>\n        <\/div><div class=\"eael-entry-wrapper\"><header class=\"eael-entry-header\"><h2 class=\"eael-entry-title\"><a class=\"eael-grid-post-link\" href=\"https:\/\/elsembradorministries.com\/esne\/noel-diaz\/condecoracion-pontificia-pro-ecclesia-et-pontifice\/\" title=\"Condecoraci\u00f3n Pontificia: Pro-Ecclesia et Pont\u00edfice\">Condecoraci\u00f3n Pontificia: Pro-Ecclesia et Pont\u00edfice<\/a><\/h2><\/header><\/div><\/div>\n        <\/div>\n    <\/article><article class=\"eael-grid-post  eael-post-grid-column eael-pg-post-186 category-uncategorized\" data-id=\"186\">\n        <div class=\"eael-grid-post-holder\">\n            <div class=\"eael-grid-post-holder-inner\"><div class=\"eael-entry-media\"><div class=\"eael-entry-overlay slide-up\"><i class=\"\" aria-hidden=\"true\"><\/i><a href=\"https:\/\/elsembradorministries.com\/esne\/noel-diaz\/reconocimiento-amar-es-entregarse\/\"><\/a><\/div><div class=\"eael-entry-thumbnail \">\n                <img loading=\"lazy\" decoding=\"async\" width=\"1920\" height=\"960\" src=\"https:\/\/elsembradorministries.com\/esne\/noel-diaz\/wp-content\/uploads\/sites\/18\/2020\/12\/amar-es-entregarse-a.jpg\" class=\"attachment-full size-full wp-image-191\" alt=\"\" srcset=\"https:\/\/elsembradorministries.com\/esne\/noel-diaz\/wp-content\/uploads\/sites\/18\/2020\/12\/amar-es-entregarse-a.jpg 1920w, https:\/\/elsembradorministries.com\/esne\/noel-diaz\/wp-content\/uploads\/sites\/18\/2020\/12\/amar-es-entregarse-a-300x150.jpg 300w, https:\/\/elsembradorministries.com\/esne\/noel-diaz\/wp-content\/uploads\/sites\/18\/2020\/12\/amar-es-entregarse-a-1024x512.jpg 1024w, https:\/\/elsembradorministries.com\/esne\/noel-diaz\/wp-content\/uploads\/sites\/18\/2020\/12\/amar-es-entregarse-a-768x384.jpg 768w, https:\/\/elsembradorministries.com\/esne\/noel-diaz\/wp-content\/uploads\/sites\/18\/2020\/12\/amar-es-entregarse-a-1536x768.jpg 1536w\" sizes=\"(max-width: 1920px) 100vw, 1920px\" \/>\n            <\/div>\n        <\/div><div class=\"eael-entry-wrapper\"><header class=\"eael-entry-header\"><h2 class=\"eael-entry-title\"><a class=\"eael-grid-post-link\" href=\"https:\/\/elsembradorministries.com\/esne\/noel-diaz\/reconocimiento-amar-es-entregarse\/\" title=\"Reconocimiento: Amar es Entregarse\">Reconocimiento: Amar es Entregarse<\/a><\/h2><\/header><\/div><\/div>\n        <\/div>\n    <\/article><article class=\"eael-grid-post  eael-post-grid-column eael-pg-post-131 category-uncategorized\" data-id=\"131\">\n        <div class=\"eael-grid-post-holder\">\n            <div class=\"eael-grid-post-holder-inner\"><div class=\"eael-entry-media\"><div class=\"eael-entry-overlay slide-up\"><i class=\"\" aria-hidden=\"true\"><\/i><a href=\"https:\/\/elsembradorministries.com\/esne\/noel-diaz\/reconocimiento-cardinals-awards-dinner\/\"><\/a><\/div><div class=\"eael-entry-thumbnail \">\n                <img loading=\"lazy\" decoding=\"async\" width=\"1920\" height=\"960\" src=\"https:\/\/elsembradorministries.com\/esne\/noel-diaz\/wp-content\/uploads\/sites\/18\/2020\/11\/noel-cardinals-awards-dinner-a-2.jpg\" class=\"attachment-full size-full wp-image-244\" alt=\"\" srcset=\"https:\/\/elsembradorministries.com\/esne\/noel-diaz\/wp-content\/uploads\/sites\/18\/2020\/11\/noel-cardinals-awards-dinner-a-2.jpg 1920w, https:\/\/elsembradorministries.com\/esne\/noel-diaz\/wp-content\/uploads\/sites\/18\/2020\/11\/noel-cardinals-awards-dinner-a-2-300x150.jpg 300w, https:\/\/elsembradorministries.com\/esne\/noel-diaz\/wp-content\/uploads\/sites\/18\/2020\/11\/noel-cardinals-awards-dinner-a-2-1024x512.jpg 1024w, https:\/\/elsembradorministries.com\/esne\/noel-diaz\/wp-content\/uploads\/sites\/18\/2020\/11\/noel-cardinals-awards-dinner-a-2-768x384.jpg 768w, https:\/\/elsembradorministries.com\/esne\/noel-diaz\/wp-content\/uploads\/sites\/18\/2020\/11\/noel-cardinals-awards-dinner-a-2-1536x768.jpg 1536w\" sizes=\"(max-width: 1920px) 100vw, 1920px\" \/>\n            <\/div>\n        <\/div><div class=\"eael-entry-wrapper\"><header class=\"eael-entry-header\"><h2 class=\"eael-entry-title\"><a class=\"eael-grid-post-link\" href=\"https:\/\/elsembradorministries.com\/esne\/noel-diaz\/reconocimiento-cardinals-awards-dinner\/\" title=\"Reconocimiento: Cardinal&#8217;s Awards Dinner\">Reconocimiento: Cardinal&#8217;s Awards Dinner<\/a><\/h2><\/header><\/div><\/div>\n        <\/div>\n    <\/article><\/div>\n            <div class=\"clearfix\"><\/div>\n        <\/div>\t\t\t\t<\/div>\n\t\t\t\t<\/div>\n\t\t\t\t\t<\/div>\n\t\t<\/div>\n\t\t\t\t\t<\/div>\n\t\t<\/section>\n\t\t\t\t<section class=\"has_eae_slider elementor-section elementor-top-section elementor-element elementor-element-a76d8c0 elementor-section-boxed elementor-section-height-default elementor-section-height-default\" data-eae-slider=\"21393\" data-id=\"a76d8c0\" data-element_type=\"section\" data-e-type=\"section\">\n\t\t\t\t\t\t<div class=\"elementor-container elementor-column-gap-default\">\n\t\t\t\t\t<div class=\"has_eae_slider elementor-column elementor-col-100 elementor-top-column elementor-element elementor-element-043af04\" data-eae-slider=\"57389\" data-id=\"043af04\" data-element_type=\"column\" data-e-type=\"column\">\n\t\t\t<div class=\"elementor-widget-wrap elementor-element-populated\">\n\t\t\t\t\t\t<div class=\"elementor-element elementor-element-e1de7c8 elementor-hidden-phone elementor-widget elementor-widget-shortcode\" data-id=\"e1de7c8\" data-element_type=\"widget\" data-e-type=\"widget\" data-widget_type=\"shortcode.default\">\n\t\t\t\t<div class=\"elementor-widget-container\">\n\t\t\t\t\t\t\t<div class=\"elementor-shortcode\">\n<\/div>\n\t\t\t\t\t\t<\/div>\n\t\t\t\t<\/div>\n\t\t\t\t<div class=\"elementor-element elementor-element-0d962ac elementor-hidden-desktop elementor-hidden-tablet elementor-widget elementor-widget-shortcode\" data-id=\"0d962ac\" data-element_type=\"widget\" data-e-type=\"widget\" data-widget_type=\"shortcode.default\">\n\t\t\t\t<div class=\"elementor-widget-container\">\n\t\t\t\t\t\t\t<div class=\"elementor-shortcode\">\n<\/div>\n\t\t\t\t\t\t<\/div>\n\t\t\t\t<\/div>\n\t\t\t\t\t<\/div>\n\t\t<\/div>\n\t\t\t\t\t<\/div>\n\t\t<\/section>\n\t\t\t\t<\/div>\n\t\t","protected":false},"excerpt":{"rendered":"<p>La Bendici\u00f3n que confirma la Misi\u00f3n &#8211; Papa San Juan Pablo II Misi\u00f3n en la Bas\u00edlica de Guadalupe Condecoraci\u00f3n Pontificia: Caballero de la Orden de San Gregorio Magno Condecoraci\u00f3n Pontificia: Pro-Ecclesia et Pont\u00edfice Reconocimiento: Amar es Entregarse Reconocimiento: Cardinal&#8217;s Awards Dinner<\/p>\n","protected":false},"author":1,"featured_media":0,"parent":0,"menu_order":0,"comment_status":"closed","ping_status":"closed","template":"elementor_header_footer","meta":{"ocean_post_layout":"","ocean_both_sidebars_style":"","ocean_both_sidebars_content_width":0,"ocean_both_sidebars_sidebars_width":0,"ocean_sidebar":"0","ocean_second_sidebar":"0","ocean_disable_margins":"enable","ocean_add_body_class":"","ocean_shortcode_before_top_bar":"","ocean_shortcode_after_top_bar":"","ocean_shortcode_before_header":"","ocean_shortcode_after_header":"","ocean_has_shortcode":"","ocean_shortcode_after_title":"","ocean_shortcode_before_footer_widgets":"","ocean_shortcode_after_footer_widgets":"","ocean_shortcode_before_footer_bottom":"","ocean_shortcode_after_footer_bottom":"","ocean_display_top_bar":"default","ocean_display_header":"default","ocean_header_style":"","ocean_center_header_left_menu":"0","ocean_custom_header_template":"0","ocean_custom_logo":0,"ocean_custom_retina_logo":0,"ocean_custom_logo_max_width":0,"ocean_custom_logo_tablet_max_width":0,"ocean_custom_logo_mobile_max_width":0,"ocean_custom_logo_max_height":0,"ocean_custom_logo_tablet_max_height":0,"ocean_custom_logo_mobile_max_height":0,"ocean_header_custom_menu":"0","ocean_menu_typo_font_family":"0","ocean_menu_typo_font_subset":"","ocean_menu_typo_font_size":0,"ocean_menu_typo_font_size_tablet":0,"ocean_menu_typo_font_size_mobile":0,"ocean_menu_typo_font_size_unit":"px","ocean_menu_typo_font_weight":"","ocean_menu_typo_font_weight_tablet":"","ocean_menu_typo_font_weight_mobile":"","ocean_menu_typo_transform":"","ocean_menu_typo_transform_tablet":"","ocean_menu_typo_transform_mobile":"","ocean_menu_typo_line_height":0,"ocean_menu_typo_line_height_tablet":0,"ocean_menu_typo_line_height_mobile":0,"ocean_menu_typo_line_height_unit":"","ocean_menu_typo_spacing":0,"ocean_menu_typo_spacing_tablet":0,"ocean_menu_typo_spacing_mobile":0,"ocean_menu_typo_spacing_unit":"","ocean_menu_link_color":"","ocean_menu_link_color_hover":"","ocean_menu_link_color_active":"","ocean_menu_link_background":"","ocean_menu_link_hover_background":"","ocean_menu_link_active_background":"","ocean_menu_social_links_bg":"","ocean_menu_social_hover_links_bg":"","ocean_menu_social_links_color":"","ocean_menu_social_hover_links_color":"","ocean_disable_title":"default","ocean_disable_heading":"default","ocean_post_title":"","ocean_post_subheading":"","ocean_post_title_style":"","ocean_post_title_background_color":"","ocean_post_title_background":0,"ocean_post_title_bg_image_position":"","ocean_post_title_bg_image_attachment":"","ocean_post_title_bg_image_repeat":"","ocean_post_title_bg_image_size":"","ocean_post_title_height":0,"ocean_post_title_bg_overlay":0.5,"ocean_post_title_bg_overlay_color":"","ocean_disable_breadcrumbs":"default","ocean_breadcrumbs_color":"","ocean_breadcrumbs_separator_color":"","ocean_breadcrumbs_links_color":"","ocean_breadcrumbs_links_hover_color":"","ocean_display_footer_widgets":"default","ocean_display_footer_bottom":"default","ocean_custom_footer_template":"0","footnotes":""},"categories":[],"class_list":["post-210","page","type-page","status-publish","hentry","entry","has-media"],"publishpress_future_action":{"enabled":false,"date":"2026-04-19 23:00:54","action":"change-status","newStatus":"draft","terms":[],"taxonomy":"category","extraData":[]},"publishpress_future_workflow_manual_trigger":{"enabledWorkflows":[]},"_links":{"self":[{"href":"https:\/\/elsembradorministries.com\/esne\/noel-diaz\/wp-json\/wp\/v2\/pages\/210","targetHints":{"allow":["GET"]}}],"collection":[{"href":"https:\/\/elsembradorministries.com\/esne\/noel-diaz\/wp-json\/wp\/v2\/pages"}],"about":[{"href":"https:\/\/elsembradorministries.com\/esne\/noel-diaz\/wp-json\/wp\/v2\/types\/page"}],"author":[{"embeddable":true,"href":"https:\/\/elsembradorministries.com\/esne\/noel-diaz\/wp-json\/wp\/v2\/users\/1"}],"replies":[{"embeddable":true,"href":"https:\/\/elsembradorministries.com\/esne\/noel-diaz\/wp-json\/wp\/v2\/comments?post=210"}],"version-history":[{"count":6,"href":"https:\/\/elsembradorministries.com\/esne\/noel-diaz\/wp-json\/wp\/v2\/pages\/210\/revisions"}],"predecessor-version":[{"id":504,"href":"https:\/\/elsembradorministries.com\/esne\/noel-diaz\/wp-json\/wp\/v2\/pages\/210\/revisions\/504"}],"wp:attachment":[{"href":"https:\/\/elsembradorministries.com\/esne\/noel-diaz\/wp-json\/wp\/v2\/media?parent=210"}],"wp:term":[{"taxonomy":"category","embeddable":true,"href":"https:\/\/elsembradorministries.com\/esne\/noel-diaz\/wp-json\/wp\/v2\/categories?post=210"}],"curies":[{"name":"wp","href":"https:\/\/api.w.org\/{rel}","templated":true}]}}