{"id":971,"date":"2016-01-31T14:56:34","date_gmt":"2016-01-31T22:56:34","guid":{"rendered":"https:\/\/elsembradorministries.com\/eventos\/?page_id=971"},"modified":"2016-11-04T16:54:58","modified_gmt":"2016-11-04T23:54:58","slug":"preguntas-frecuentes","status":"publish","type":"page","link":"https:\/\/elsembradorministries.com\/eventos\/preguntas-frecuentes\/","title":{"rendered":"Preguntas Frecuentes"},"content":{"rendered":"[vc_row][vc_column][vc_column_text]<strong>\u00bfLa donaci\u00f3n es por persona o por pareja?<\/strong><br \/>La donaci\u00f3n es por persona y sirve para cubrir los gatos de renta de local, vuelos de nuestros invitados etc<br \/><br \/><br \/><strong>\u00bfSolamente las parejas casadas pueden asistir a este evento?<\/strong><br \/>No, todas las parejas est\u00e1n invitadas independientemente su situaci\u00f3n, este evento no excluye a ninguna pareja que no haya contraido matrimonio<br \/><br \/><br \/><strong>\u00bfTengo que asistir acompa\u00f1ado por mi pareja necesariamente?<\/strong><br \/>No, comprendemos que en algunas ocasiones es dificil que ambos puedan asistir, por lo que hay varias personas que atienden solas al evento<br \/><br \/><br \/><strong>\u00bfEl evento es de dos d\u00edas, puedo asistir solamente un d\u00eda?<\/strong><br \/>Puedes asistir solamente un d\u00eda con tu boleto, sin embargo es recomendable asistir ambos d\u00edas ya que los temas que se tratan son diferentes en ambos d\u00edas.<br \/><br \/><br \/><strong>\u00bfPuedo llevar a mis hijos?<\/strong><br \/>No es recomendable llevar ni\u00f1os debido al extenso horario del evento, y el contenido es m\u00e1s apropiado para parejas. Sin embargo puede llevar a sus hijos considerando que los ni\u00f1os mayores de 2 a\u00f1os pagan boleto.<br \/><br \/><br \/><strong>\u00bfESNE ofrece transporte para el evento?<\/strong><br \/>No, sin embargo puedes contactar a nuestras oficinas para indicarte si hay autobuses organizados por parroquias y grupos en diferentes ciudades.<br \/><br \/><br \/><strong>\u00bfPuedo llevar comida al evento?<\/strong><br \/>las pol\u00edticas del centro de convenciones de Los Angeles, no permiten el acceso de comida, sin embargo se puede llevar y mantener en su vehiculo, y tambien hay proveedores de comida que el Centro de convenciones de los angeles ha autorizado para vender dentro del lugar del evento\r\n[\/vc_column_text][\/vc_column][\/vc_row]","protected":false},"excerpt":{"rendered":"<p>[vc_row][vc_column][vc_column_text]\u00bfLa donaci\u00f3n es por persona o por pareja?La donaci\u00f3n es por persona y sirve para cubrir los gatos de renta de local, vuelos de nuestros invitados etc\u00bfSolamente las parejas casadas pueden asistir a este evento?No, todas las parejas est\u00e1n invitadas independientemente su situaci\u00f3n, este evento no excluye a ninguna pareja que no haya contraido matrimonio\u00bfTengo [&hellip;]<\/p>\n","protected":false},"author":1,"featured_media":0,"parent":0,"menu_order":0,"comment_status":"closed","ping_status":"closed","template":"","meta":{"_acf_changed":false,"_exactmetrics_skip_tracking":false,"_exactmetrics_sitenote_active":false,"_exactmetrics_sitenote_note":"","_exactmetrics_sitenote_category":0,"ocean_post_layout":"","ocean_both_sidebars_style":"","ocean_both_sidebars_content_width":0,"ocean_both_sidebars_sidebars_width":0,"ocean_sidebar":"","ocean_second_sidebar":"","ocean_disable_margins":"enable","ocean_add_body_class":"","ocean_shortcode_before_top_bar":"","ocean_shortcode_after_top_bar":"","ocean_shortcode_before_header":"","ocean_shortcode_after_header":"","ocean_has_shortcode":"","ocean_shortcode_after_title":"","ocean_shortcode_before_footer_widgets":"","ocean_shortcode_after_footer_widgets":"","ocean_shortcode_before_footer_bottom":"","ocean_shortcode_after_footer_bottom":"","ocean_display_top_bar":"default","ocean_display_header":"default","ocean_header_style":"","ocean_center_header_left_menu":"","ocean_custom_header_template":"","ocean_custom_logo":0,"ocean_custom_retina_logo":0,"ocean_custom_logo_max_width":0,"ocean_custom_logo_tablet_max_width":0,"ocean_custom_logo_mobile_max_width":0,"ocean_custom_logo_max_height":0,"ocean_custom_logo_tablet_max_height":0,"ocean_custom_logo_mobile_max_height":0,"ocean_header_custom_menu":"","ocean_menu_typo_font_family":"","ocean_menu_typo_font_subset":"","ocean_menu_typo_font_size":0,"ocean_menu_typo_font_size_tablet":0,"ocean_menu_typo_font_size_mobile":0,"ocean_menu_typo_font_size_unit":"px","ocean_menu_typo_font_weight":"","ocean_menu_typo_font_weight_tablet":"","ocean_menu_typo_font_weight_mobile":"","ocean_menu_typo_transform":"","ocean_menu_typo_transform_tablet":"","ocean_menu_typo_transform_mobile":"","ocean_menu_typo_line_height":0,"ocean_menu_typo_line_height_tablet":0,"ocean_menu_typo_line_height_mobile":0,"ocean_menu_typo_line_height_unit":"","ocean_menu_typo_spacing":0,"ocean_menu_typo_spacing_tablet":0,"ocean_menu_typo_spacing_mobile":0,"ocean_menu_typo_spacing_unit":"","ocean_menu_link_color":"","ocean_menu_link_color_hover":"","ocean_menu_link_color_active":"","ocean_menu_link_background":"","ocean_menu_link_hover_background":"","ocean_menu_link_active_background":"","ocean_menu_social_links_bg":"","ocean_menu_social_hover_links_bg":"","ocean_menu_social_links_color":"","ocean_menu_social_hover_links_color":"","ocean_disable_title":"default","ocean_disable_heading":"default","ocean_post_title":"","ocean_post_subheading":"","ocean_post_title_style":"","ocean_post_title_background_color":"","ocean_post_title_background":0,"ocean_post_title_bg_image_position":"","ocean_post_title_bg_image_attachment":"","ocean_post_title_bg_image_repeat":"","ocean_post_title_bg_image_size":"","ocean_post_title_height":0,"ocean_post_title_bg_overlay":0.5,"ocean_post_title_bg_overlay_color":"","ocean_disable_breadcrumbs":"default","ocean_breadcrumbs_color":"","ocean_breadcrumbs_separator_color":"","ocean_breadcrumbs_links_color":"","ocean_breadcrumbs_links_hover_color":"","ocean_display_footer_widgets":"default","ocean_display_footer_bottom":"default","ocean_custom_footer_template":"","footnotes":""},"categories":[],"class_list":["post-971","page","type-page","status-publish","hentry","entry","owp-thumbs-layout-horizontal","owp-btn-normal","owp-tabs-layout-horizontal","has-no-thumbnails"],"acf":[],"_links":{"self":[{"href":"https:\/\/elsembradorministries.com\/eventos\/wp-json\/wp\/v2\/pages\/971","targetHints":{"allow":["GET"]}}],"collection":[{"href":"https:\/\/elsembradorministries.com\/eventos\/wp-json\/wp\/v2\/pages"}],"about":[{"href":"https:\/\/elsembradorministries.com\/eventos\/wp-json\/wp\/v2\/types\/page"}],"author":[{"embeddable":true,"href":"https:\/\/elsembradorministries.com\/eventos\/wp-json\/wp\/v2\/users\/1"}],"replies":[{"embeddable":true,"href":"https:\/\/elsembradorministries.com\/eventos\/wp-json\/wp\/v2\/comments?post=971"}],"version-history":[{"count":2,"href":"https:\/\/elsembradorministries.com\/eventos\/wp-json\/wp\/v2\/pages\/971\/revisions"}],"predecessor-version":[{"id":973,"href":"https:\/\/elsembradorministries.com\/eventos\/wp-json\/wp\/v2\/pages\/971\/revisions\/973"}],"wp:attachment":[{"href":"https:\/\/elsembradorministries.com\/eventos\/wp-json\/wp\/v2\/media?parent=971"}],"wp:term":[{"taxonomy":"category","embeddable":true,"href":"https:\/\/elsembradorministries.com\/eventos\/wp-json\/wp\/v2\/categories?post=971"}],"curies":[{"name":"wp","href":"https:\/\/api.w.org\/{rel}","templated":true}]}}